n w is divided by 165.
4
Suppose -2*v = 3*v - 10. Calculate the remainder when ((-3924)/(-16))/9*8/v is divided by 11.
10
Let j = 20 - 12. Let k = j - 7. Let w(b) = -b + 8. What is the remainder when w(6) is divided by k?
0
Calculate the remainder when ((-280)/12)/(18/(-27)) is divided by 9.
8
Let v(l) = -18*l + 15*l**2 + 4*l - 13*l**2 + 3. Suppose 66 = -0*w + 2*w. What is the remainder when v(10) is divided by w?
30
Let t(j) = j**2 + 6*j - 2. Let x be t(-7). Suppose 4*f + 285 = x*q, -4*f = -f. What is the remainder when q is divided by 12?
9
Let r = 0 + 8. Let v = 172 + -152. Calculate the remainder when v is divided by r.
4
Suppose -5*x - 26 = -7*x. Let z be -2*((-50)/4 - -3). What is the remainder when 0 + 2 - (-2 - z) is divided by x?
10
Suppose 0 = 4*f + 1022 - 2850. Calculate the remainder when f is divided by 20.
17
Suppose 4*q - q + 2*c - 160 = 0, 3*c = -5*q + 265. Suppose 5*j = 4*k + 73, 0 = -k + 1 - 3. What is the remainder when q is divided by j?
11
Suppose 3*b = 2*t - 150, -19*b = 3*t - 21*b - 220. Calculate the remainder when 233 is divided by t.
17
Suppose 6 = -16*l + 15*l. Let w = 6 - l. Suppose -66 = -4*d + d. What is the remainder when d is divided by w?
10
Let u(f) = f**2 - 4*f + 418. Calculate the remainder when u(0) is divided by 12.
10
Suppose 4*g = -x + 25, -12*g + 8*g - 33 = -x. What is the remainder when 258 is divided by x?
26
Suppose 0 = 3*h + 4*j, 0 + 23 = 5*h - j. Suppose p + h*m = -6, -9 - 12 = -3*p + m. Calculate the remainder when (-1)/((-3)/(1 + 104)) is divided by p.
5
Let b = -455 + 571. Calculate the remainder when b is divided by 26.
12
Suppose 4*o = 3*o + 10. Let d be 45/(-6)*(-64)/10. Let r = -30 + d. What is the remainder when r is divided by o?
8
Suppose p - 1 - 4 = 0. Let a(f) = -f**3 + 6*f**2 - 5*f + 16. What is the remainder when 61 is divided by a(p)?
13
Suppose -323 = -4*m - 3*n, -2*m + 16*n + 151 = 21*n. Calculate the remainder when 826 is divided by m.
79
Let f(a) be the third derivative of a**5/60 - a**4/12 + 7*a**3/3 - 28*a**2. What is the remainder when 86 is divided by f(5)?
28
Let m = 634 - 618. What is the remainder when 97 is divided by m?
1
Suppose 3*n + 60 = a, -2*a - 4*n + 78 + 62 = 0. Suppose -2*y = -4*y + a. Suppose 11 = 4*o - y. What is the remainder when 53 is divided by o?
9
Let z = -70 - -102. Suppose -110 = -5*w - 4*y, -4*w - 5*y = -5*w + 22. Suppose -3*b + w = 4*d, 3*b + 8 = -b. What is the remainder when z is divided by d?
4
Suppose -5*h = -h - 3*i - 129, 61 = 2*h - 5*i. Suppose 2*c + 91*m - 90*m = 131, -3*m + 331 = 5*c. Calculate the remainder when c is divided by h.
29
Let h = -18 - -112. Let b = 151 - h. Calculate the remainder when b is divided by 30.
27
Suppose 0 = -m - 5*d + 8, 79 = 3*m - 5*d - 5. What is the remainder when 41 is divided by m?
18
What is the remainder when 56 is divided by ((-90)/(-21))/((-12)/(-56))?
16
Let d be 3/(38/52 + (-6)/12). Calculate the remainder when 47 is divided by 4*(-4)/(-10)*(d - 3).
15
Let w(a) = -29*a - 10. Let k be w(-7). Suppose -605 = -5*i + 5*f, 0 = -5*i - 4*f + 448 + k. What is the remainder when i is divided by 32?
29
Suppose 14*i - 57 = 13. Calculate the remainder when 43 is divided by i.
3
Suppose 0 = 5*v - 2*v - 6, 3*y - 40 = -2*v. What is the remainder when 214 is divided by y?
10
Suppose 708 = 3*p + 63. What is the remainder when p is divided by 23?
8
Suppose -307 = -h - 3*j, -4*j = -3*h + h + 574. Calculate the remainder when h is divided by 15.
10
Let f(i) = 4*i - 21. Suppose -2*c + 4*m - 7 - 1 = 0, -m + 11 = c. Let z = 27 - 16. What is the remainder when z is divided by f(c)?
2
Let s = 8 - 6. Let z(r) = -r**3 + 8*r**2 + 7*r + 20. Calculate the remainder when z(9) is divided by s.
0
Suppose -15 = -4*i - 99. Calculate the remainder when 27 is divided by (-96)/(-7) + (-6)/i.
13
Suppose 5*p + 2*w - 172 = 0, -2*p + 63 = -0*p - 5*w. What is the remainder when 73 is divided by p?
5
Let c = 169 - 110. Let y(z) = 21*z**2 + z + 1. Suppose -j + 4 = -4*q, 3 = -3*q + j + 3*j. Calculate the remainder when c is divided by y(q).
17
Suppose 0 = t - 6*t + 10. Let p = 118 - 117. What is the remainder when p/(-4)*(-5 - (3 + 12)) is divided by t?
1
Suppose 3*c = -c + 20. Let p be (16/c)/((-22)/(-2805)). What is the remainder when 21 is divided by (-2)/(-3) - p/(-36)?
9
Suppose -5*c = -4*z - 27, 2*c - 5*z + 20 = 24. What is the remainder when (15/20)/((-1)/(-32)) is divided by c?
3
What is the remainder when 44/(3/(-2)*2/(-12)) is divided by 91?
85
Let y be (-2)/4*(-4 - 2). Suppose y*t = -t + 84. Suppose 4*m - 273 = 5*u, 3*m + 2*u - 211 = 7*u. Calculate the remainder when m is divided by t.
20
Suppose -8 = -4*t - 0. Suppose 8 = -t*m + 3*c - 7, -5 = -5*c. Calculate the remainder when 4/m*-48 - -2 is divided by 18.
16
Suppose -m = -5*r + 1236, 0 = -3*r - 5*m + 565 + 199. What is the remainder when r is divided by 11?
6
Suppose 94 - 775 = -5*s + 2*g, 0 = -5*s + 3*g + 679. What is the remainder when s is divided by 5?
2
Let a = 4419 + -4305. Suppose 0 = -f + 2*f - 13. What is the remainder when a is divided by f?
10
Suppose -3*p + 962 = 34*p. Calculate the remainder when 180 is divided by p.
24
What is the remainder when 621 is divided by (33 + 15)*-2*(-5)/30?
13
Let d(w) = 2*w**3 - 2*w**2 - w - 2. Let h be d(2). Suppose i = -h*i + 60. Calculate the remainder when 47 is divided by i.
11
Suppose 2*u + u = -2*w + 25, -4*u - 2*w = -30. Let z be -8 - 1 - (u - 2). What is the remainder when z/15*(-110)/4 is divided by 6?
4
Let v = 70 - 16. Suppose 5*u = 58 + 2. What is the remainder when v is divided by u?
6
Suppose 2*c + 3*y = -0 + 19, c - 29 = 5*y. What is the remainder when 179 is divided by c?
11
Let q(i) = 2*i**2 - 18*i + 61. What is the remainder when 399 is divided by q(8)?
39
Suppose 0*w - 14 = -2*w. Suppose 2*p = 4*j, 3*p = w*p - 2*j. Suppose p*c = c - 121. What is the remainder when c is divided by 31?
28
Let x(i) = i + 11. Let m be x(10). Let y = -29 + m. What is the remainder when (-38)/(-3) - y/6 is divided by 5?
4
Let s(h) = 4*h**2 + 18*h - 36. Calculate the remainder when s(-8) is divided by 26.
24
Suppose 1152 = 75*r - 11*r. What is the remainder when r is divided by 11?
7
Let t(m) be the first derivative of -11 + 5/2*m**2 - 3*m. Calculate the remainder when t(10) is divided by 12.
11
Suppose 0 = 58*n - 370 - 384. Let k(a) = a**3 - 5*a + 6. Let s be 17/4 + (-1)/4. Calculate the remainder when k(s) is divided by n.
11
Let l be 5*(2 - 3) + (-540)/36. Let h = -8 - -1. Let r = h - l. Calculate the remainder when 23 is divided by r.
10
Let u(b) be the second derivative of 5*b**4/4 + b**3/3 - b**2 + 4*b. Suppose 48 = -2*q + 5*q. What is the remainder when u(2) is divided by q?
14
Let p = 55 - 43. Let w = 6 + p. Calculate the remainder when w is divided by 5.
3
Let m(h) = -h**2 + 12. Let u be m(-3). Suppose 4*o + o + 5*q = 90, 5*o - 86 = -u*q. What is the remainder when 157 is divided by o?
13
Suppose -24*h = -15*h - 207. Let v be ((-8)/12)/((-2)/(-6)). Calculate the remainder when h is divided by -39*(v + (-5)/(-3)).
10
Suppose 5 = -2*z - 1, 3*z = 3*i - 120. Calculate the remainder when i is divided by 18.
1
Suppose -2*o = 2*h - 8, o = 4*h - 2*h - 5. Let g(p) = 11*p**2 + 3*p - 1. Calculate the remainder when 38 is divided by g(o).
12
Let g(r) = r**2 - 12*r + 61. What is the remainder when 83 is divided by g(6)?
8
Let h = 50 - 48. Suppose 20 = h*f - 18. What is the remainder when 35 is divided by f?
16
Suppose 4*m + 1 = -27. Let y = 12 - m. Let p = 1 + 6. What is the remainder when y is divided by p?
5
Let o(w) = 3*w + 1. Suppose 3*i - 25 = -4*k, -2*i - 1 = 5*k - 27. Suppose 0*z = -4*z + 148. What is the remainder when z is divided by o(i)?
7
Suppose -5*b + 10 = -4*q + 2*q, 3*b + 4*q = 6. What is the remainder when 4 is divided by b?
0
Let p(x) = x**2 + x + 11. Let h(j) = -5*j**3 - j**2 - 7*j - 9. What is the remainder when h(-2) is divided by p(0)?
8
Let i(u) = -38*u - 6. Let l be i(-3). Suppose 0 = -8*q + l + 44. What is the remainder when 36 is divided by q?
17
Let j(y) = -26*y - 147. Calculate the remainder when j(-7) is divided by 11.
2
Calculate the remainder when 2829/(-46)*(-2)/1 is divided by 35.
18
Let u = -28 + 34. Calculate the remainder when 195 is divided by u.
3
Let c(y) = 9*y**3 - 3*y**2 + 10*y - 10. Calculate the remainder 